the greatest common factor of o and 5.
1
Let c = 9 + -6. Let g(p) = -p + 27. Suppose 5*n = -0*r + 3*r - 15, -6 = -2*r + 2*n. Let v be g(r). Calculate the greatest common divisor of v and c.
3
Suppose -4*o - 3*q = -66, -q + 39 = -4*o + 113. What is the greatest common divisor of o and 45?
9
Suppose 4*k - 2*k = 4. Let v be (-38)/(-3) - k/3. Calculate the greatest common factor of 132 and v.
12
Suppose 0 = 2*g + i - 9, 3*g - i - 22 = -6. Let t(a) = 4*a + 6 + 4 - 6. Let v be t(g). Calculate the greatest common divisor of v and 6.
6
Let z be -3 - (-4 - (-4 + 12)). What is the highest common factor of 36 and z?
9
Let d = 37 + -29. Calculate the highest common divisor of 1 and d.
1
Let b = 17 - 8. Let s = 66 + -30. What is the greatest common divisor of s and b?
9
Suppose d - 157 = -4*l, -3*l - d = -119 - 0. Calculate the highest common factor of l and 95.
19
Let i = 47 - 11. What is the highest common factor of 12 and i?
12
Suppose 4*y - 81 = -3*v, 0 = -2*v - 11 + 1. What is the greatest common factor of 192 and y?
24
Suppose 0*w - 8*w = -392. What is the highest common divisor of 7 and w?
7
Let o = 64 - -13. Suppose 56 = 4*g - z + 12, -55 = -5*g - 3*z. What is the highest common factor of o and g?
11
Let z be 218/8 + (-1)/(-16)*12. What is the greatest common factor of z and 8?
4
Suppose -x - 2*v + 20 = 0, -x + 6*x = -3*v + 100. What is the greatest common factor of 80 and x?
20
Let a = 54 + -33. What is the greatest common divisor of 3 and a?
3
Let y = -4 + 7. What is the greatest common factor of 33 and y?
3
Suppose -4*w - w - 3*a = -65, -2*w + 57 = -5*a. What is the highest common factor of 24 and w?
8
Let o be (-1)/((-2)/76 - 0). Let v = -13 + o. Calculate the highest common divisor of v and 10.
5
Suppose 5*d = 170 - 0. What is the greatest common factor of 17 and d?
17
Let s be (5 + -2)/(-1 + 2). Suppose s*a - 2*a - 64 = 0. Calculate the highest common divisor of 16 and a.
16
Suppose 0 = -5*n + 303 + 337. Let f = 13 + 3. What is the highest common divisor of n and f?
16
Suppose 0*s + 2*t = -2*s - 8, -5*s = -3*t + 4. Let r be 9/(-12)*s*2. Calculate the greatest common factor of 12 and r.
3
Let q(v) = 79*v + 1. Let g be q(5). Let t be (-1)/((8/g)/(-2)). Let a(r) = -r**2 + 10*r - 5. Let k be a(8). What is the greatest common factor of k and t?
11
Suppose 3*x + 5*q = 205, -31 = 3*x - 4*q - 191. What is the highest common factor of 20 and x?
20
Suppose 2*d + 0*d + 197 = 3*v, -3*v = 5*d - 169. What is the highest common factor of v and 18?
9
Suppose -27 = 2*a - 83. What is the highest common factor of 28 and a?
28
Let w(t) = t**2 - 4*t + 2. Suppose 3*c = 0, -3*c - 12 = -3*u - c. Let q be w(u). Suppose 1 = q*o - 13. Calculate the greatest common divisor of 7 and o.
7
Suppose -3*q + 194 = 2*r + 72, 58 = r + 3*q. What is the greatest common factor of 96 and r?
32
Suppose -216 = -4*o + 424. What is the highest common factor of o and 20?
20
Suppose m - 5 = -2*i - 0*i, 5*i + m = 17. Suppose -5*j - 61 - 151 = -3*d, 0 = -2*d - i*j + 112. What is the greatest common factor of 8 and d?
8
Let g = -1 + 3. Suppose -g*c = 2*j - 4*j + 40, -4*j = -2*c - 88. Let r = 39 - j. Calculate the highest common divisor of 45 and r.
15
Let i(y) = -127*y - 3. Let u be i(3). Let l = u - -709. Suppose -2*f - 70 = -2*v + 160, f = -3*v + l. What is the highest common divisor of v and 10?
10
Let a = 175 + -97. Suppose -10 - a = -c. Let v(t) = -3*t + 2. Let n be v(-2). What is the greatest common divisor of n and c?
8
Suppose -125 = -4*w - 5*g, -g + 6*g = 4*w - 155. Suppose -3*m + 3*d = -513, 0 = -5*m + 2*m + d + 521. What is the highest common divisor of w and m?
35
Let m be (-279)/(-2) + 2/(-4). Let j = -81 + m. Let y = j - 16. What is the highest common factor of 6 and y?
6
Let q(h) = -h**2 - 6*h - 5. Let m be q(-4). Let p = m + 10. Calculate the highest common divisor of 39 and p.
13
Let v be 1*44 + (-3 - (3 + -4)). What is the greatest common factor of v and 14?
14
Suppose 4*b - 6*b + 2*c = -518, -3*c - 513 = -2*b. Calculate the highest common divisor of 24 and b.
24
Let b(c) = -c**2 - 5. Let w = -4 + 8. Let m be b(w). Let u = -14 - m. Calculate the highest common factor of u and 14.
7
Let l = -105 + 170. Let o be (-1 - l)*4/(-4). Calculate the highest common divisor of o and 6.
6
Let m be 0 + 0 - 2 - -9. Suppose 13*w - 1 = 12*w. Calculate the greatest common divisor of w and m.
1
Suppose -3*b + 3 = -4*o + 38, -o - 5*b - 20 = 0. Calculate the highest common divisor of 80 and o.
5
Suppose 2*b = t + 5*b - 9, -3*b + 9 = -3*t. Suppose -16*d + 14*d + 18 = t. Calculate the greatest common divisor of 9 and d.
9
Suppose -74 = -m - 4*p, 0*m + 3*m - 3*p - 207 = 0. What is the highest common factor of 10 and m?
10
Suppose 8*j - 24*j + 272 = 0. What is the greatest common divisor of 153 and j?
17
Let f = 251 + -156. Suppose -3*w + 5*x = -81, 0*x - 2*x = 2*w - 54. Suppose w = -4*r + f. What is the highest common factor of 17 and r?
17
Let u = -12 - -17. Suppose 10*z - 97 = u*z + d, 4*z + 4*d = 92. Suppose -i = 4*i - z. Calculate the greatest common factor of 16 and i.
4
Let r be 0 + -1 + (0 - 0). Let c be r/2*72/(-3). What is the highest common divisor of 120 and c?
12
Suppose 3*t + 8 = 2*b, -5*b - 2*t - 2 = -3*b. Let k be (b/1)/(4/(-40)). Let w be (-87)/(-15) + (-2)/k. What is the greatest common divisor of 15 and w?
3
Suppose -5*x = -4*b - 988, 4*b = -5*x - 172 + 1184. Suppose z + x = 6*z. Suppose 22 = 3*a - 26. Calculate the greatest common divisor of a and z.
8
Suppose 7*r = 3*r + 324. Calculate the highest common factor of 9 and r.
9
Let f be ((-98)/(-6))/((-2)/6). Suppose -2*v = 3*j - 13, 3*j + j = 2*v - 6. Let n = j - f. What is the highest common divisor of n and 10?
10
Suppose -3*u = -4*u - 22. Let g = 8 - u. Let v(m) = -4*m**3 - 3*m**2 + m - 3. Let t be v(-3). Calculate the highest common divisor of g and t.
15
Suppose 3*k + 2*k - 675 = -5*c, -5*k - 445 = -3*c. What is the greatest common factor of c and 56?
28
Let k be 98/8 + 1/(-4). Calculate the greatest common divisor of 72 and k.
12
Suppose -3*x + 68 = -g, 4*x - 6*g + g = 76. Suppose 2*k + 4*h = 104, -4*k - 37 + 231 = h. What is the highest common divisor of k and x?
24
Let r be (-8)/(-10)*(-2 - -7). Let k = r - 3. Let t = 10 + -6. Calculate the highest common factor of t and k.
1
Suppose 4 = -g + 2*g. Let n be -3*g/6 + 107. Let u be (-15)/(-2 - (-5)/5). What is the highest common divisor of u and n?
15
Let g(m) = m**2 + 0 - 9*m + 0*m - 4 - 4*m. Let z be g(14). Calculate the highest common factor of z and 80.
10
Suppose 3*z + 5*x - 39 = 0, 0 = 3*z + x + 10 - 61. Suppose -4*f + 0*f = -n - z, n + 8 = 2*f. Calculate the highest common divisor of 35 and f.
5
Suppose -3*v + 5*v = 116. Suppose 4*r = 6*r - v. What is the highest common factor of 232 and r?
29
Suppose -4*g - 4*f + 7*f + 91 = 0, 2*f - 9 = -g. Suppose -1 = t - g. What is the greatest common factor of 126 and t?
18
Let j(x) = 56*x**3 + x - 1. Let b be j(1). Let d = 251 - 244. Calculate the greatest common divisor of d and b.
7
Let c = 91 - 31. What is the greatest common factor of 20 and c?
20
Suppose -2*x = 2*q, x = -3*q - 0*x + 6. Let g = 1 + q. What is the highest common factor of 40 and g?
4
Let f = 6 + 85. What is the greatest common divisor of 13 and f?
13
Suppose 2*o - 3 = -1. Let a be (-3 + 1)*(-1)/o. Suppose -r + 42 = 2*r. What is the highest common divisor of r and a?
2
Let o be (192/(-80))/(4/(-10)). Calculate the greatest common divisor of o and 3.
3
Suppose -28 = 2*w + 6. Let u = 32 + w. What is the greatest common factor of 5 and u?
5
Suppose -6*r + 150 - 54 = 0. Calculate the highest common divisor of r and 48.
16
Let i be (96/40)/(6/15). Suppose 2*t - 2*j - 18 = 56, -t - 4*j = -62. Calculate the highest common divisor of t and i.
6
Suppose -6*y = -4*y - 28. What is the greatest common divisor of 112 and y?
14
Suppose 4*s = -p + 5, -5 + 2 = -3*s. What is the greatest common divisor of p and 1?
1
Suppose -2*i = -2*s - 0*i + 62, 3*s = 5*i + 91. Let j(f) = -8*f + 2. Let a be j(-6). Suppose a - 210 = -2*k. Calculate the highest common factor of s and k.
16
Let a(y) = 10*y**2 + y - 2. Let n be a(1). Suppose 2*x - n = 23. What is the greatest common divisor of 144 and x?
16
Let u = -16 - -9. Let f(b) = 15*b + 1. Let o be f(2). Let j = o + u. Calculate the 